{"id":1999,"date":"2024-08-09T08:23:34","date_gmt":"2024-08-09T12:23:34","guid":{"rendered":"https:\/\/mayralapaz.com\/?page_id=1999"},"modified":"2024-09-19T12:07:22","modified_gmt":"2024-09-19T16:07:22","slug":"mision-vision-y-valores","status":"publish","type":"page","link":"https:\/\/mayralapaz.com\/index.php\/mision-vision-y-valores\/","title":{"rendered":"Misi\u00f3n, Visi\u00f3n y Valores MC"},"content":{"rendered":"\n<div class=\"wp-block-stackable-columns stk-block-columns stk-block stk-c2b25dd\" data-block-id=\"c2b25dd\"><style>.stk-c2b25dd{margin-bottom:0px !important;top:-38px !important}<\/style><div class=\"stk-row stk-inner-blocks stk-block-content stk-content-align stk-c2b25dd-column\">\n<div class=\"wp-block-stackable-column stk-block-column stk-column stk-block stk-e26c567\" data-v=\"4\" data-block-id=\"e26c567\"><div class=\"stk-column-wrapper stk-block-column__content stk-container stk-e26c567-container stk--no-background stk--no-padding\"><div class=\"stk-block-content stk-inner-blocks stk-e26c567-inner-blocks\">\n<div class=\"wp-block-stackable-image stk-block-image stk-block stk-40d9bae\" data-block-id=\"40d9bae\"><style>.stk-40d9bae .stk-img-wrapper{width:77% !important}<\/style><figure><span class=\"stk-img-wrapper stk-image--shape-stretch\"><img fetchpriority=\"high\" decoding=\"async\" class=\"stk-img wp-image-2007\" src=\"http:\/\/mayralapaz.com\/wp-content\/uploads\/2024\/08\/Foto-portada-latina-mision.webp\" width=\"1024\" height=\"1024\" srcset=\"https:\/\/mayralapaz.com\/wp-content\/uploads\/2024\/08\/Foto-portada-latina-mision.webp 1024w, https:\/\/mayralapaz.com\/wp-content\/uploads\/2024\/08\/Foto-portada-latina-mision-300x300.webp 300w, https:\/\/mayralapaz.com\/wp-content\/uploads\/2024\/08\/Foto-portada-latina-mision-100x100.webp 100w, https:\/\/mayralapaz.com\/wp-content\/uploads\/2024\/08\/Foto-portada-latina-mision-600x600.webp 600w, https:\/\/mayralapaz.com\/wp-content\/uploads\/2024\/08\/Foto-portada-latina-mision-500x500.webp 500w, https:\/\/mayralapaz.com\/wp-content\/uploads\/2024\/08\/Foto-portada-latina-mision-150x150.webp 150w, https:\/\/mayralapaz.com\/wp-content\/uploads\/2024\/08\/Foto-portada-latina-mision-768x768.webp 768w\" sizes=\"(max-width: 1024px) 100vw, 1024px\" \/><\/span><\/figure><\/div>\n<\/div><\/div><\/div>\n\n\n\n<div class=\"wp-block-stackable-column stk-block-column stk-column stk-block stk-79b9005\" data-v=\"4\" data-block-id=\"79b9005\"><div class=\"stk-column-wrapper stk-block-column__content stk-container stk-79b9005-container stk--no-background stk--no-padding\"><div class=\"stk-block-content stk-inner-blocks stk-79b9005-inner-blocks\">\n<div class=\"wp-block-stackable-image stk-block-image stk-block stk-106ecba\" data-block-id=\"106ecba\"><style>.stk-106ecba .stk-img-wrapper{width:77% !important}<\/style><figure><span class=\"stk-img-wrapper stk-image--shape-stretch\"><img decoding=\"async\" class=\"stk-img wp-image-2008\" src=\"http:\/\/mayralapaz.com\/wp-content\/uploads\/2024\/08\/Vision-PL.webp\" width=\"1024\" height=\"1024\" srcset=\"https:\/\/mayralapaz.com\/wp-content\/uploads\/2024\/08\/Vision-PL.webp 1024w, https:\/\/mayralapaz.com\/wp-content\/uploads\/2024\/08\/Vision-PL-300x300.webp 300w, https:\/\/mayralapaz.com\/wp-content\/uploads\/2024\/08\/Vision-PL-100x100.webp 100w, https:\/\/mayralapaz.com\/wp-content\/uploads\/2024\/08\/Vision-PL-600x600.webp 600w, https:\/\/mayralapaz.com\/wp-content\/uploads\/2024\/08\/Vision-PL-500x500.webp 500w, https:\/\/mayralapaz.com\/wp-content\/uploads\/2024\/08\/Vision-PL-150x150.webp 150w, https:\/\/mayralapaz.com\/wp-content\/uploads\/2024\/08\/Vision-PL-768x768.webp 768w\" sizes=\"(max-width: 1024px) 100vw, 1024px\" \/><\/span><\/figure><\/div>\n<\/div><\/div><\/div>\n\n\n\n<div class=\"wp-block-stackable-column stk-block-column stk-column stk-block stk-58d6bb2\" data-v=\"4\" data-block-id=\"58d6bb2\"><div class=\"stk-column-wrapper stk-block-column__content stk-container stk-58d6bb2-container stk--no-background stk--no-padding\"><div class=\"stk-block-content stk-inner-blocks stk-58d6bb2-inner-blocks\">\n<div class=\"wp-block-stackable-image stk-block-image stk-block stk-2bf3ab2\" data-block-id=\"2bf3ab2\"><style>.stk-2bf3ab2 .stk-img-wrapper{width:77% !important}<\/style><figure><span class=\"stk-img-wrapper stk-image--shape-stretch\"><img decoding=\"async\" class=\"stk-img wp-image-2138\" src=\"http:\/\/mayralapaz.com\/wp-content\/uploads\/2024\/08\/Valores-Portada-Latina.webp\" width=\"1024\" height=\"1024\" srcset=\"https:\/\/mayralapaz.com\/wp-content\/uploads\/2024\/08\/Valores-Portada-Latina.webp 1024w, https:\/\/mayralapaz.com\/wp-content\/uploads\/2024\/08\/Valores-Portada-Latina-300x300.webp 300w, https:\/\/mayralapaz.com\/wp-content\/uploads\/2024\/08\/Valores-Portada-Latina-100x100.webp 100w, https:\/\/mayralapaz.com\/wp-content\/uploads\/2024\/08\/Valores-Portada-Latina-600x600.webp 600w, https:\/\/mayralapaz.com\/wp-content\/uploads\/2024\/08\/Valores-Portada-Latina-500x500.webp 500w, https:\/\/mayralapaz.com\/wp-content\/uploads\/2024\/08\/Valores-Portada-Latina-150x150.webp 150w, https:\/\/mayralapaz.com\/wp-content\/uploads\/2024\/08\/Valores-Portada-Latina-768x768.webp 768w\" sizes=\"(max-width: 1024px) 100vw, 1024px\" \/><\/span><\/figure><\/div>\n<\/div><\/div><\/div>\n<\/div><\/div>\n\n\n\n<div class=\"wp-block-stackable-columns stk-block-columns stk-block stk-670d052\" data-block-id=\"670d052\"><style>.stk-670d052{top:-70px !important}<\/style><div class=\"stk-row stk-inner-blocks stk-block-content stk-content-align stk-670d052-column\">\n<div class=\"wp-block-stackable-column stk-block-column stk-column stk-block stk-e674bc7\" data-v=\"4\" data-block-id=\"e674bc7\"><div class=\"stk-column-wrapper stk-block-column__content stk-container stk-e674bc7-container stk--no-background stk--no-padding\"><div class=\"stk-block-content stk-inner-blocks stk-e674bc7-inner-blocks\">\n<div class=\"wp-block-stackable-columns stk-block-columns stk-block stk-50445e4\" data-block-id=\"50445e4\"><div class=\"stk-row stk-inner-blocks stk-block-content stk-content-align stk-50445e4-column\">\n<div class=\"wp-block-stackable-column stk-block-column stk-column stk-block stk-b146784\" data-v=\"4\" data-block-id=\"b146784\"><div class=\"stk-column-wrapper stk-block-column__content stk-container stk-b146784-container stk--no-background stk--no-padding\"><div class=\"stk-block-content stk-inner-blocks stk-b146784-inner-blocks\">\n<div class=\"wp-block-stackable-text stk-block-text stk-block stk-01db7af\" data-block-id=\"01db7af\"><style>.stk-01db7af .stk-block-text__text{font-size:35px !important}@media screen and (max-width:999px){.stk-01db7af .stk-block-text__text{font-size:35px !important}}<\/style><p class=\"stk-block-text__text has-text-align-center\"><strong>Visi\u00f3n<\/strong><\/p><\/div>\n\n\n\n<div class=\"wp-block-stackable-text stk-block-text stk-block stk-c343496\" data-block-id=\"c343496\"><style>.stk-c343496{top:-34px !important}<\/style><p class=\"stk-block-text__text has-text-align-justify\">La revista Portada Latina en Florida Central aspira a ser el referente principal en la promoci\u00f3n y celebraci\u00f3n del talento hispano en Estados Unidos. Buscamos inspirar y empoderar a la comunidad hispana. Destacando sus logros y contribuciones significativas al desarrollo econ\u00f3mico, social y cultural del pa\u00eds, mientras fomentamos un sentido de orgullo y unidad entre nuestros lectores.<\/p><\/div>\n<\/div><\/div><\/div>\n\n\n\n<div class=\"wp-block-stackable-column stk-block-column stk-column stk-block stk-db65a6e\" data-v=\"4\" data-block-id=\"db65a6e\"><div class=\"stk-column-wrapper stk-block-column__content stk-container stk-db65a6e-container stk--no-background stk--no-padding\"><div class=\"stk-block-content stk-inner-blocks stk-db65a6e-inner-blocks\">\n<div class=\"wp-block-stackable-text stk-block-text stk-block stk-fbf9b2f\" data-block-id=\"fbf9b2f\"><style>.stk-fbf9b2f{margin-bottom:0px !important}.stk-fbf9b2f .stk-block-text__text{font-size:35px !important}@media screen and (max-width:999px){.stk-fbf9b2f .stk-block-text__text{font-size:35px !important}}<\/style><p class=\"stk-block-text__text has-text-align-center\"><strong>Misi\u00f3n<\/strong><\/p><\/div>\n\n\n\n<div class=\"wp-block-stackable-text stk-block-text stk-block stk-e5b6ade\" data-block-id=\"e5b6ade\"><style>.stk-e5b6ade{top:-12px !important}<\/style><p class=\"stk-block-text__text has-text-align-justify\">Portada Latina, tiene como misi\u00f3n promover el talento hispano que, a trav\u00e9s de su trabajo honesto, contribuye al crecimiento de los Estados Unidos y de las comunidades en las que se desarrollan, compartimos su visi\u00f3n en una sinergia empresarial afectiva.<\/p><\/div>\n<\/div><\/div><\/div>\n\n\n\n<div class=\"wp-block-stackable-column stk-block-column stk-column stk-block stk-8434859\" data-v=\"4\" data-block-id=\"8434859\"><div class=\"stk-column-wrapper stk-block-column__content stk-container stk-8434859-container stk--no-background stk--no-padding\"><div class=\"stk-block-content stk-inner-blocks stk-8434859-inner-blocks\">\n<div class=\"wp-block-stackable-text stk-block-text stk-block stk-290129c\" data-block-id=\"290129c\"><style>.stk-290129c .stk-block-text__text{font-size:35px !important}@media screen and (max-width:999px){.stk-290129c .stk-block-text__text{font-size:35px !important}}<\/style><p class=\"stk-block-text__text has-text-align-center\"><strong>Valores<\/strong><\/p><\/div>\n\n\n\n<div class=\"wp-block-stackable-text stk-block-text stk-block stk-ee33163\" data-block-id=\"ee33163\"><style>.stk-ee33163{top:-36px !important}<\/style><p class=\"stk-block-text__text has-text-align-justify\">Portada Latina, se fundamenta en valores de integridad, diversidad, y excelencia. Nos comprometemos a actuar con honestidad y \u00e9tica en todo lo que hacemos, celebrando la riqueza de la cultura hispana y su diversidad, valoramos la calidad y el rigor en nuestras publicaciones trabajando en equipo, esforz\u00e1ndonos por ofrecer contenido que inspire, informe y empodere a nuestra comunidad. Fomentamos la inclusi\u00f3n y el respeto, reconociendo y apreciando las contribuciones de cada individuo al bienestar colectivo.<\/p><\/div>\n<\/div><\/div><\/div>\n<\/div><\/div>\n<\/div><\/div><\/div>\n<\/div><\/div>\n\n\n\n<div class=\"wp-block-stackable-columns stk-block-columns stk-block stk-4869779\" data-block-id=\"4869779\"><div class=\"stk-row stk-inner-blocks stk-block-content stk-content-align stk-4869779-column\">\n<div class=\"wp-block-stackable-column stk-block-column stk-column stk-block stk-3983e01\" data-v=\"4\" data-block-id=\"3983e01\"><div class=\"stk-column-wrapper stk-block-column__content stk-container stk-3983e01-container stk--no-background stk--no-padding\"><div class=\"stk-block-content stk-inner-blocks stk-3983e01-inner-blocks\"><\/div><\/div><\/div>\n<\/div><\/div>\n","protected":false},"excerpt":{"rendered":"excerpt","protected":false},"author":1,"featured_media":0,"parent":0,"menu_order":0,"comment_status":"closed","ping_status":"closed","template":"","meta":{"_uag_custom_page_level_css":"","episode_type":"","audio_file":"","podmotor_file_id":"","podmotor_episode_id":"","cover_image":"","cover_image_id":"","duration":"","filesize":"","filesize_raw":"","date_recorded":"","explicit":"","block":"","itunes_episode_number":"","itunes_title":"","itunes_season_number":"","itunes_episode_type":"","_jet_sm_ready_style":"","_jet_sm_style":"","_jet_sm_controls_values":"","_jet_sm_fonts_collection":"","_jet_sm_fonts_links":"","_joinchat":[],"footnotes":""},"class_list":["post-1999","page","type-page","status-publish","hentry"],"blocksy_meta":[],"uagb_featured_image_src":{"full":false,"thumbnail":false,"medium":false,"medium_large":false,"large":false,"1536x1536":false,"2048x2048":false,"woocommerce_archive_thumbnail":false,"woocommerce_thumbnail":false,"woocommerce_single":false,"woocommerce_gallery_thumbnail":false},"uagb_author_info":{"display_name":"mayralapaz.com","author_link":"https:\/\/mayralapaz.com\/index.php\/author\/mayralapaz-com\/"},"uagb_comment_info":0,"uagb_excerpt":"Visi\u00f3n La revista Portada Latina en Florida Central aspira a ser el referente principal en la promoci\u00f3n y celebraci\u00f3n del talento hispano en Estados Unidos. Buscamos inspirar y empoderar a la comunidad hispana. Destacando sus logros y contribuciones significativas al desarrollo econ\u00f3mico, social y cultural del pa\u00eds, mientras fomentamos un sentido de orgullo y unidad&hellip;","_links":{"self":[{"href":"https:\/\/mayralapaz.com\/index.php\/wp-json\/wp\/v2\/pages\/1999","targetHints":{"allow":["GET"]}}],"collection":[{"href":"https:\/\/mayralapaz.com\/index.php\/wp-json\/wp\/v2\/pages"}],"about":[{"href":"https:\/\/mayralapaz.com\/index.php\/wp-json\/wp\/v2\/types\/page"}],"author":[{"embeddable":true,"href":"https:\/\/mayralapaz.com\/index.php\/wp-json\/wp\/v2\/users\/1"}],"replies":[{"embeddable":true,"href":"https:\/\/mayralapaz.com\/index.php\/wp-json\/wp\/v2\/comments?post=1999"}],"version-history":[{"count":12,"href":"https:\/\/mayralapaz.com\/index.php\/wp-json\/wp\/v2\/pages\/1999\/revisions"}],"predecessor-version":[{"id":2456,"href":"https:\/\/mayralapaz.com\/index.php\/wp-json\/wp\/v2\/pages\/1999\/revisions\/2456"}],"wp:attachment":[{"href":"https:\/\/mayralapaz.com\/index.php\/wp-json\/wp\/v2\/media?parent=1999"}],"curies":[{"name":"wp","href":"https:\/\/api.w.org\/{rel}","templated":true}]}}

Misión, Visión y Valores MC

<div class="wp-block-stackable-columns stk-block-columns stk-block stk-c2b25dd" data-block-id="c2b25dd"><style>.stk-c2b25dd{margin-bottom:0px !important;top:-38px !important}</style><div class="stk-row stk-inner-blocks stk-block-content stk-content-align stk-c2b25dd-column">
<div class="wp-block-stackable-column stk-block-column stk-column stk-block stk-e26c567" data-v="4" data-block-id="e26c567"><div class="stk-column-wrapper stk-block-column__content stk-container stk-e26c567-container stk--no-background stk--no-padding"><div class="stk-block-content stk-inner-blocks stk-e26c567-inner-blocks">
<div class="wp-block-stackable-image stk-block-image stk-block stk-40d9bae" data-block-id="40d9bae"><style>.stk-40d9bae .stk-img-wrapper{width:77% !important}</style><figure><span class="stk-img-wrapper stk-image--shape-stretch"><img fetchpriority="high" decoding="async" class="stk-img wp-image-2007" src="http://mayralapaz.com/wp-content/uploads/2024/08/Foto-portada-latina-mision.webp" width="1024" height="1024" srcset="https://mayralapaz.com/wp-content/uploads/2024/08/Foto-portada-latina-mision.webp 1024w, https://mayralapaz.com/wp-content/uploads/2024/08/Foto-portada-latina-mision-300x300.webp 300w, https://mayralapaz.com/wp-content/uploads/2024/08/Foto-portada-latina-mision-100x100.webp 100w, https://mayralapaz.com/wp-content/uploads/2024/08/Foto-portada-latina-mision-600x600.webp 600w, https://mayralapaz.com/wp-content/uploads/2024/08/Foto-portada-latina-mision-500x500.webp 500w, https://mayralapaz.com/wp-content/uploads/2024/08/Foto-portada-latina-mision-150x150.webp 150w, https://mayralapaz.com/wp-content/uploads/2024/08/Foto-portada-latina-mision-768x768.webp 768w" sizes="(max-width: 1024px) 100vw, 1024px" /></span></figure></div>
</div></div></div>



<div class="wp-block-stackable-column stk-block-column stk-column stk-block stk-79b9005" data-v="4" data-block-id="79b9005"><div class="stk-column-wrapper stk-block-column__content stk-container stk-79b9005-container stk--no-background stk--no-padding"><div class="stk-block-content stk-inner-blocks stk-79b9005-inner-blocks">
<div class="wp-block-stackable-image stk-block-image stk-block stk-106ecba" data-block-id="106ecba"><style>.stk-106ecba .stk-img-wrapper{width:77% !important}</style><figure><span class="stk-img-wrapper stk-image--shape-stretch"><img decoding="async" class="stk-img wp-image-2008" src="http://mayralapaz.com/wp-content/uploads/2024/08/Vision-PL.webp" width="1024" height="1024" srcset="https://mayralapaz.com/wp-content/uploads/2024/08/Vision-PL.webp 1024w, https://mayralapaz.com/wp-content/uploads/2024/08/Vision-PL-300x300.webp 300w, https://mayralapaz.com/wp-content/uploads/2024/08/Vision-PL-100x100.webp 100w, https://mayralapaz.com/wp-content/uploads/2024/08/Vision-PL-600x600.webp 600w, https://mayralapaz.com/wp-content/uploads/2024/08/Vision-PL-500x500.webp 500w, https://mayralapaz.com/wp-content/uploads/2024/08/Vision-PL-150x150.webp 150w, https://mayralapaz.com/wp-content/uploads/2024/08/Vision-PL-768x768.webp 768w" sizes="(max-width: 1024px) 100vw, 1024px" /></span></figure></div>
</div></div></div>



<div class="wp-block-stackable-column stk-block-column stk-column stk-block stk-58d6bb2" data-v="4" data-block-id="58d6bb2"><div class="stk-column-wrapper stk-block-column__content stk-container stk-58d6bb2-container stk--no-background stk--no-padding"><div class="stk-block-content stk-inner-blocks stk-58d6bb2-inner-blocks">
<div class="wp-block-stackable-image stk-block-image stk-block stk-2bf3ab2" data-block-id="2bf3ab2"><style>.stk-2bf3ab2 .stk-img-wrapper{width:77% !important}</style><figure><span class="stk-img-wrapper stk-image--shape-stretch"><img decoding="async" class="stk-img wp-image-2138" src="http://mayralapaz.com/wp-content/uploads/2024/08/Valores-Portada-Latina.webp" width="1024" height="1024" srcset="https://mayralapaz.com/wp-content/uploads/2024/08/Valores-Portada-Latina.webp 1024w, https://mayralapaz.com/wp-content/uploads/2024/08/Valores-Portada-Latina-300x300.webp 300w, https://mayralapaz.com/wp-content/uploads/2024/08/Valores-Portada-Latina-100x100.webp 100w, https://mayralapaz.com/wp-content/uploads/2024/08/Valores-Portada-Latina-600x600.webp 600w, https://mayralapaz.com/wp-content/uploads/2024/08/Valores-Portada-Latina-500x500.webp 500w, https://mayralapaz.com/wp-content/uploads/2024/08/Valores-Portada-Latina-150x150.webp 150w, https://mayralapaz.com/wp-content/uploads/2024/08/Valores-Portada-Latina-768x768.webp 768w" sizes="(max-width: 1024px) 100vw, 1024px" /></span></figure></div>
</div></div></div>
</div></div>



<div class="wp-block-stackable-columns stk-block-columns stk-block stk-670d052" data-block-id="670d052"><style>.stk-670d052{top:-70px !important}</style><div class="stk-row stk-inner-blocks stk-block-content stk-content-align stk-670d052-column">
<div class="wp-block-stackable-column stk-block-column stk-column stk-block stk-e674bc7" data-v="4" data-block-id="e674bc7"><div class="stk-column-wrapper stk-block-column__content stk-container stk-e674bc7-container stk--no-background stk--no-padding"><div class="stk-block-content stk-inner-blocks stk-e674bc7-inner-blocks">
<div class="wp-block-stackable-columns stk-block-columns stk-block stk-50445e4" data-block-id="50445e4"><div class="stk-row stk-inner-blocks stk-block-content stk-content-align stk-50445e4-column">
<div class="wp-block-stackable-column stk-block-column stk-column stk-block stk-b146784" data-v="4" data-block-id="b146784"><div class="stk-column-wrapper stk-block-column__content stk-container stk-b146784-container stk--no-background stk--no-padding"><div class="stk-block-content stk-inner-blocks stk-b146784-inner-blocks">
<div class="wp-block-stackable-text stk-block-text stk-block stk-01db7af" data-block-id="01db7af"><style>.stk-01db7af .stk-block-text__text{font-size:35px !important}@media screen and (max-width:999px){.stk-01db7af .stk-block-text__text{font-size:35px !important}}</style><p class="stk-block-text__text has-text-align-center"><strong>Visión</strong></p></div>



<div class="wp-block-stackable-text stk-block-text stk-block stk-c343496" data-block-id="c343496"><style>.stk-c343496{top:-34px !important}</style><p class="stk-block-text__text has-text-align-justify">La revista Portada Latina en Florida Central aspira a ser el referente principal en la promoción y celebración del talento hispano en Estados Unidos. Buscamos inspirar y empoderar a la comunidad hispana. Destacando sus logros y contribuciones significativas al desarrollo económico, social y cultural del país, mientras fomentamos un sentido de orgullo y unidad entre nuestros lectores.</p></div>
</div></div></div>



<div class="wp-block-stackable-column stk-block-column stk-column stk-block stk-db65a6e" data-v="4" data-block-id="db65a6e"><div class="stk-column-wrapper stk-block-column__content stk-container stk-db65a6e-container stk--no-background stk--no-padding"><div class="stk-block-content stk-inner-blocks stk-db65a6e-inner-blocks">
<div class="wp-block-stackable-text stk-block-text stk-block stk-fbf9b2f" data-block-id="fbf9b2f"><style>.stk-fbf9b2f{margin-bottom:0px !important}.stk-fbf9b2f .stk-block-text__text{font-size:35px !important}@media screen and (max-width:999px){.stk-fbf9b2f .stk-block-text__text{font-size:35px !important}}</style><p class="stk-block-text__text has-text-align-center"><strong>Misión</strong></p></div>



<div class="wp-block-stackable-text stk-block-text stk-block stk-e5b6ade" data-block-id="e5b6ade"><style>.stk-e5b6ade{top:-12px !important}</style><p class="stk-block-text__text has-text-align-justify">Portada Latina, tiene como misión promover el talento hispano que, a través de su trabajo honesto, contribuye al crecimiento de los Estados Unidos y de las comunidades en las que se desarrollan, compartimos su visión en una sinergia empresarial afectiva.</p></div>
</div></div></div>



<div class="wp-block-stackable-column stk-block-column stk-column stk-block stk-8434859" data-v="4" data-block-id="8434859"><div class="stk-column-wrapper stk-block-column__content stk-container stk-8434859-container stk--no-background stk--no-padding"><div class="stk-block-content stk-inner-blocks stk-8434859-inner-blocks">
<div class="wp-block-stackable-text stk-block-text stk-block stk-290129c" data-block-id="290129c"><style>.stk-290129c .stk-block-text__text{font-size:35px !important}@media screen and (max-width:999px){.stk-290129c .stk-block-text__text{font-size:35px !important}}</style><p class="stk-block-text__text has-text-align-center"><strong>Valores</strong></p></div>



<div class="wp-block-stackable-text stk-block-text stk-block stk-ee33163" data-block-id="ee33163"><style>.stk-ee33163{top:-36px !important}</style><p class="stk-block-text__text has-text-align-justify">Portada Latina, se fundamenta en valores de integridad, diversidad, y excelencia. Nos comprometemos a actuar con honestidad y ética en todo lo que hacemos, celebrando la riqueza de la cultura hispana y su diversidad, valoramos la calidad y el rigor en nuestras publicaciones trabajando en equipo, esforzándonos por ofrecer contenido que inspire, informe y empodere a nuestra comunidad. Fomentamos la inclusión y el respeto, reconociendo y apreciando las contribuciones de cada individuo al bienestar colectivo.</p></div>
</div></div></div>
</div></div>
</div></div></div>
</div></div>



<div class="wp-block-stackable-columns stk-block-columns stk-block stk-4869779" data-block-id="4869779"><div class="stk-row stk-inner-blocks stk-block-content stk-content-align stk-4869779-column">
<div class="wp-block-stackable-column stk-block-column stk-column stk-block stk-3983e01" data-v="4" data-block-id="3983e01"><div class="stk-column-wrapper stk-block-column__content stk-container stk-3983e01-container stk--no-background stk--no-padding"><div class="stk-block-content stk-inner-blocks stk-3983e01-inner-blocks"></div></div></div>
</div></div>

Visión La revista Portada Latina en Florida Central aspira a ser el referente principal en la promoción y celebración del talento hispano en Estados Unidos. Buscamos inspirar y empoderar a la comunidad hispana. Destacando sus logros y contribuciones significativas al desarrollo económico, social y cultural del país, mientras fomentamos un sentido de orgullo y unidad&hellip;
